r of 9 and i?
1
Let a = 49 + -7. Let g = -602 + 665. What is the highest common divisor of g and a?
21
Suppose -3*q = -3*p - 9, q - 9 = -7*p + 2*p. Suppose -4*a + q = -0*a. Let z be 20*(a - 0/2). Calculate the greatest common factor of 50 and z.
10
Let b be 502/14 + 1/7. Suppose x = -2*x + b. Let d = -62 - -146. Calculate the greatest common divisor of x and d.
12
Let w = -9 + 14. Suppose w*k = 3*k - 12. Let q be 1051/7 - k/(-42). Calculate the greatest common divisor of q and 25.
25
Let j be 27 + -8 + -3*1. Calculate the highest common divisor of 368 and j.
16
Let o = -117 - -233. Let q(y) = -y**2 + 32*y - 31. Let p be q(30). What is the highest common divisor of o and p?
29
Let t = -156 + 222. Let r be t - 9 - (-4 + 1)*-1. Calculate the highest common factor of 9 and r.
9
Let j be 8/(-124) - 915180/(-930). What is the greatest common factor of j and 60?
12
Suppose 30 - 24 = -2*a. Let d be 30/(-24)*a/(3/8). Calculate the highest common divisor of 25 and d.
5
Let s = -72 - -85. Let q(a) = -a**2 + 12*a + 39. Let i be q(s). Let d(l) = -l**2 + 7*l + 1. Let b be d(3). Calculate the highest common factor of i and b.
13
Let w(b) = -b**2 - 6*b - 3. Let y be w(-3). Let r(a) = -a**3 + 45*a**2 - 5*a + 243. Let p be r(45). What is the highest common factor of p and y?
6
Suppose -5*b = 2*x - 261, 5*x - 513 - 212 = 2*b. What is the highest common factor of x and 26?
13
Suppose 21 = -77*j + 84*j. Calculate the highest common divisor of 16 and j.
1
Let m(j) be the third derivative of 7*j**5/30 + j**4/24 + j**3/3 + 6*j**2. Let l be m(-1). Calculate the greatest common factor of 10 and l.
5
Suppose 0 = -o + 4*o - 69. Suppose 25 = 2*d + 3*t, -4*d - 4*t = -7*t - o. What is the greatest common divisor of d and 36?
4
Let b be (-20)/(-150) + 4/(-30). Suppose -8*r + 4*r - 12 = b. Let j be (-4)/6*r + 14. What is the greatest common divisor of 2 and j?
2
Suppose -3*s = -f - 1, -3*f + 0*s + 9 = -3*s. Let u(b) = -7*b**3 + b + 1. Let h = 15 - 17. Let i be u(h). Calculate the highest common divisor of i and f.
5
Let t(f) = -f**2 - 11*f + 5. Let o be t(-11). Let k be (30/(-45))/(1 + 10/(-6)). Calculate the highest common divisor of o and k.
1
Suppose -2*x - 5*c = -27, 4*c - 65 + 17 = -4*x. Suppose 2*t - x - 81 = 0. Calculate the highest common factor of 69 and t.
23
Suppose -b + 13 = -l + 2*b, -5*l - 4*b = -30. Suppose 724 = -5*d - 4*t, -5*t = 2*d - 6*d - 612. Let y = -134 - d. What is the highest common divisor of l and y?
2
Suppose -56 = -3*l + 2*q, 0 = -13*l + 16*l - 4*q - 64. Calculate the greatest common factor of l and 14.
2
Suppose 84 + 63 = 49*w. Calculate the highest common factor of 4 and w.
1
Let c = 444 - 442. Calculate the highest common divisor of c and 78.
2
Let l = 329 + -113. Let u(d) = d**3 + 18*d**2 + 58*d - 11. Let k be u(-5). Calculate the greatest common divisor of l and k.
24
Suppose 7*n = 5*n + 228. What is the highest common factor of 76 and n?
38
Let h(p) = 10*p**2 - 6*p - 31. Let k be h(-3). Let j = 19 + -12. Calculate the highest common factor of j and k.
7
Let t(l) = 11*l**2 + l + 1. Let j be t(-4). Let i = j - 92. What is the highest common divisor of i and 9?
9
Suppose -32*z - 1596 + 23196 = 0. What is the greatest common divisor of z and 27?
27
Suppose 3*q - 88 = 104. Suppose -q = -2*n + 4. Calculate the greatest common divisor of n and 34.
34
Let v = 63 + -63. Suppose 9*m = -v*m + 72. What is the greatest common divisor of 1 and m?
1
Suppose -310 = -c - 258. Suppose u + z + 3*z - 19 = 0, u = -2*z + 29. What is the greatest common divisor of u and c?
13
Suppose -22*w + 10*w + 7872 = 0. What is the greatest common factor of w and 41?
41
Let c = -6 + 6. Suppose 3*u + 0 - 5 = -4*i, c = -u - 3*i. Let a be (-5)/(-2) - 13/(-26). Calculate the greatest common divisor of a and u.
3
Let w(q) = 9*q**3 - 14*q**2 + 19*q + 8. Let m be w(8). Suppose m = o + 10*o. Calculate the highest common factor of o and 44.
44
Let m be 156/10 + (-4)/(-10). Let l(g) = -11*g + 745. Let o be l(59). Calculate the highest common divisor of m and o.
16
Let g be -2 - 0 - (0 + -1). Let p(x) = -106*x - 2 + 46*x + 52*x. Let f be p(g). What is the greatest common factor of 66 and f?
6
Let l = 109 - 39. Suppose -r - 4*h + 24 = 0, 52 = 2*r + 5*h + 19. Let c be 5/10 - (-54)/r. What is the greatest common divisor of c and l?
14
Suppose 2*b - 110 = -5*y + 114, 0 = -5*y + b + 218. Calculate the highest common divisor of y and 88.
44
Suppose -17 = -2*g - g + 5*u, 5*g - 24 = 4*u. Suppose -12*p + 88 = -g*p. What is the greatest common divisor of p and 55?
11
Let z = -13 + 24. Suppose -2*y - 2*k + 102 = 0, 5*y + 2*k - 271 = k. Let x = y - 44. Calculate the greatest common divisor of z and x.
11
Let d(p) = p**2 + 2. Let y be d(0). Let a be ((-40)/(-2))/(y/2). Suppose -k - 1654 = -1674. What is the highest common factor of a and k?
20
Suppose x - 816 = -5*y - 91, 0 = -x + y + 719. Calculate the greatest common divisor of x and 30.
30
Suppose 10*z = 14*z + 920. Let u be (16/(-5))/(4/z). What is the highest common factor of u and 23?
23
Suppose 0 = -5*l + q - 7 + 24, -4*l = -2*q - 10. Calculate the greatest common factor of 68 and l.
4
Suppose 0*f + 4 = -2*u + 4*f, u - f = 1. Let b be 1/(u*(-3)/(-36)). Suppose -b*a - 3 = -9. What is the greatest common factor of a and 1?
1
Suppose 0 = -5*o - 5*k, o = 4*o - 5*k - 32. Calculate the greatest common divisor of 116 and o.
4
Let r be -4 + 5 - 2 - 2*-73. Let t(g) = 30*g**2 - 1. Let v be t(1). What is the greatest common divisor of r and v?
29
Let y be -5 + (-23)/(-5) - 92/(-5). Calculate the highest common divisor of 72 and y.
18
Let v = 763 + -713. Calculate the highest common factor of 50 and v.
50
Suppose -107*k + 1927 = -1818. Calculate the highest common factor of 5 and k.
5
Let u(o) = -o**3 + 5*o**2 - 4*o + 2. Let j be u(3). Suppose -3*a = z - j, 7*a - 72 = -4*z + 3*a. Calculate the greatest common factor of z and 23.
23
Let f = 13 - 5. Suppose 2*h - 5*p = 263, -2*p = 2*h - p - 269. Suppose 26 + h = 2*k. Calculate the highest common factor of f and k.
8
Let u = 428 - 424. Calculate the greatest common factor of u and 30.
2
Suppose 0 = -5*u + b + 242, -4*u + 0*b - b + 190 = 0. What is the highest common factor of 80 and u?
16
Let x(a) = -31*a + 57. Let s be x(-2). What is the highest common factor of s and 68?
17
Let s = -565 + 785. Calculate the greatest common divisor of s and 50.
10
Let n = 200 - 134. Let t be 84/(-20)*510/(-357). Calculate the greatest common divisor of n and t.
6
Suppose 2*i = 4*g - 6, -g - 3*g + 41 = 3*i. Let s = 19 + i. Calculate the highest common divisor of 65 and s.
13
Suppose -2*z + 5 = 5*b - 7*z, b = 4*z - 5. Suppose m - b*m - l = -95, -3*m + 2*l = -153. Calculate the highest common divisor of 441 and m.
49
Let y be (84/30)/(1/35). Let s = 266 + -252. Calculate the greatest common divisor of s and y.
14
Let z = -16 - -24. Calculate the highest common divisor of z and 98.
2
Let i be -3 + -14*(-3)/6. Suppose 4*g - 7 = 3*q, -g + 8 = i*q - 8. Let a be 2 + (-30)/6 + 11. Calculate the highest common divisor of a and g.
4
Let n = 18 + -3. Suppose n*h = 969 + 1311. What is the highest common factor of h and 38?
38
Let x(w) = 6*w - 9. Let u be x(5). Let d = u + -12. Let j be (2/5)/((-2)/(-360)). Calculate the highest common divisor of j and d.
9
Let r be -57*((-28)/(-6))/(-7). Let f = 77 - r. What is the greatest common factor of f and 39?
39
Let j(m) = -2*m**3 + 4*m**2 + 9*m. Let p be j(3). Calculate the greatest common factor of 60 and p.
3
Let d(w) = w**2 - 3*w - 3. Let z be d(-4). Let p = -12 + z. Suppose -n = 2*r - 205, r - 95 = -2*n - n. Calculate the greatest common divisor of r and p.
13
Let z = 255 + -112. Let b(k) = -k + 10. Let g be b(-3). What is the greatest common divisor of z and g?
13
Let z = -44 + 156. Let w = 407 - 393. Calculate the highest common divisor of z and w.
14
Let d = -2334 + 5324. Let p be 6/15 + d/25. What is the greatest common divisor of 48 and p?
24
Suppose 2*h + 8 = -3*l, 2*l = -3*h - h. Let v = -24 + 26. What is the greatest common factor of h and v?
2
Let v(y) = 3*y**2 - 6*y - 1. Let f be 9/15*(3 + (0 - -2)). Let o be v(f). Calculate the highest common factor of o and 24.
8
Suppose -u - u = 12. Let m be (9 - 7)/((-4)/u). Suppose -t = -m*o + 127, o + 9 - 48 = t. Calculate the greatest